**2 - 15*q + 15. Calculate the remainder when g(3) is divided by 602.
0
Suppose -4*t = -6*t + 3*k - 2, k = -3*t + 19. What is the remainder when 52 is divided by (9/(-4))/(t/(-60))?
25
Let d = -276 + 688. Let o = 1287 - d. What is the remainder when 2*(o/10 - -2) is divided by 12?
11
Suppose 4*b - 3*g - 11 - 15 = 0, 5*b - 48 = -4*g. Suppose 120 = -0*k - b*k. Let f = 7 - k. Calculate the remainder when 43 is divided by f.
21
Let t(s) = -s**2 - 14*s + 75. Let k be t(-15). Suppose 8 = -v - 2*l, -3 = 3*v - 2*l + 13. Calculate the remainder when ((-8)/5)/(v/k) is divided by 9.
7
Suppose -7*o + 8407 + 5293 - 4194 = 0. What is the remainder when o is divided by 12?
2
Calculate the remainder when 488 is divided by 92/(-782) - 6640/(-85).
20
Let h(c) = 157*c**2 + 8*c + 7. Let p be h(-1). Suppose -164*o + 960 = -p*o. Calculate the remainder when o is divided by 27.
12
Let n(p) = -p**2 + 3*p + 4. Let k be 5 + 6*1/6 + -1. Suppose k*o = 137 - 42. What is the remainder when o is divided by n(3)?
3
Let c(d) = 4*d**2 - 34*d + 20. Let r be c(8). Suppose x - 556 = -r*o + 3*x, -x + 142 = o. What is the remainder when o is divided by 45?
5
Suppose 2*l + j = -4, 0*j = -4*l + 4*j + 16. Suppose -6*n + 1339 + 5 = l. Calculate the remainder when n is divided by 76.
72
Let o = 414 - 258. Suppose 4*w - 17 = 19. Suppose -m + 17 = 5*l, 5*m = w*m + 2*l - 122. Calculate the remainder when o is divided by m.
28
Let t(j) = -2453*j - 198591. What is the remainder when (-4182)/(-14) + (-2)/(-7) is divided by t(-81)?
95
Let a = 7897 - 7878. What is the remainder when 1174 is divided by a?
15
Suppose 3*v - 45330 = -22*d, -d + 335 = -4*v - 1742. What is the remainder when d is divided by 115?
106
Suppose 3130 + 2128 = 18*t - 934. Calculate the remainder when t is divided by 78.
32
Suppose -48 = -3*p + 15. Let k(h) = 79*h - 54. What is the remainder when k(2) is divided by p?
20
Let b(f) = f**3 + 6*f**2 - 19*f - 10. Let k be (4 + -5)*5 - 3. What is the remainder when 31 is divided by b(k)?
3
Let v(g) = g + 12. Let n(w) = w**2 + 6*w. Let a be n(-6). Suppose a = 4*z + z. Calculate the remainder when 34 is divided by v(z).
10
Let r(q) = -23 + 16*q - 3*q + 0*q + q. Calculate the remainder when 75 is divided by r(3).
18
Suppose -2*p - 8*h + 50 = -72, 3*p = -4*h + 167. Let x = 2 - 8. Calculate the remainder when p is divided by (-1)/2 + (-87)/x.
11
Suppose 0 = -2*w - c + 114, -157 = -3*w - 28*c + 30*c. Calculate the remainder when 315 is divided by w.
40
Calculate the remainder when 92 is divided by 24/(-12) + 13 - -68.
13
Suppose l + 36 = 5*l. Let x = -141746 - -141752. Calculate the remainder when (-1*5)/((-3)/l) is divided by x.
3
Suppose 979 = 22*v - 565 + 114. What is the remainder when v is divided by 22?
21
Let l(o) = 83 - 7*o + 2*o + 2*o + o. Calculate the remainder when 140 is divided by l(27).
24
Suppose 0 = 2*q - 3*k - 7, 4*q + q + 2*k - 8 = 0. Let t(y) = -1 - 2 + 9*y**q + 28*y + 15*y**2 - y**3. What is the remainder when t(25) is divided by 19?
15
Let k(t) = 1251*t**2 - 37*t - 10. What is the remainder when k(-1) is divided by 5?
3
Suppose 915 - 1047 = -2*j. Suppose 576 = 72*n - j*n. What is the remainder when n is divided by 14?
12
Let f = 77 - 38. Suppose 0 = 5*n + 7*m - 3*m - 1337, 4*n - 1068 = -4*m. Suppose -n + f = -10*a. What is the remainder when a is divided by 12?
11
Let a be 60/150 + (13/5 - 0). Suppose -9 = -a*f, -v + 237 = 2*v + 3*f. What is the remainder when 298 is divided by v?
70
Let c(y) = -10*y**3 + 120*y**2 + 10*y + 10. What is the remainder when c(8) is divided by 49?
4
Suppose -9423 = -84*s + 57*s. What is the remainder when s is divided by 70?
69
Let j = -2487 + 2572. What is the remainder when j is divided by 85?
0
Suppose a + 11*a + 6*a = 2880. Calculate the remainder when a is divided by 73.
14
Let k = 10073 - 10053. Suppose m + 19 = 4*s, 4*m - 3 = 1. Let c(x) = -x**2 + 6*x - 2. What is the remainder when k is divided by c(s)?
2
Let t(f) = 2*f**3 - 16*f**2 - 9*f - 11. What is the remainder when t(11) is divided by 69?
64
Let p be ((-200)/(-12)*(-12)/(-10))/2. Suppose p + 7 = 5*i + 3*h, 2*h = -3*i + 11. What is the remainder when (62/i)/(-6 + 7) is divided by 7?
6
Suppose 4*f = -3*j + 203 + 895, -5*f = -5*j - 1355. Suppose 0 = 15*r - 28*r + f. Calculate the remainder when 25 is divided by r.
4
Let g = 2966 + -2913. What is the remainder when g is divided by 48?
5
Suppose 6*z - z - 45 = 0. Suppose -3*k + 12 = z. Let f = 25 - 22. What is the remainder when f is divided by k?
0
What is the remainder when 2835 is divided by (-1)/(-1)*((10 - 5) + 2 + 122)?
126
Suppose 21*t = -4604 + 43916. What is the remainder when t is divided by 7?
3
Suppose 11*l - 12 = 10*l + 4*b, -3*b = -3. Let c(h) = 27*h + 39. What is the remainder when c(2) is divided by l?
13
Suppose -5*f = 3*v + 63, -5*v + 2 = 3*f + 27. Let w = f - -47. Suppose 3*h - a = 116, 2*h - w - 40 = -2*a. What is the remainder when h is divided by 4?
2
Suppose -5*z - 15*j + 18*j = -136, 4*j = -2*z + 70. Suppose 0 = 6*y - 24 - 660. Calculate the remainder when y is divided by z.
27
Suppose -53*h + 1320 = -3079. Suppose 12*i - 215 = -h. Calculate the remainder when 2/9 - (-806)/18 is divided by i.
1
Let m(k) = 2*k**3 + 42*k**2 + 43*k + 75. Let f = 1 + -1. Suppose -3*j + 88 = -z, -5*j + 152 = -3*z - f*z. What is the remainder when j is divided by m(-20)?
13
Let h(d) = 4*d - 46. Let b be h(9). Let i(k) = -161*k - 1. Let m be i(b). Suppose 9*p = -250 + m. Calculate the remainder when p is divided by 11.
8
Let d(s) = s**3 + 4*s**2 + 13*s + 26. Let q be d(-5). What is the remainder when 70 is divided by q/24*108/(-8)?
34
Suppose 2*i + 23 = u, i - 62 = -3*u - 0*i. Let y = -568 + 568. Suppose y = j + v - 56, -2*v + 24 - 92 = -j. Calculate the remainder when j is divided by u.
18
Let t(o) = 5*o + 59. Let n be (-18)/(-15) + (-765)/75. Calculate the remainder when 17 is divided by t(n).
3
Let y(d) = -74*d**3 - 2*d - 1. Let k = 138 - 139. What is the remainder when y(k) is divided by 19?
18
Suppose 10059 + 61656 = 105*h. What is the remainder when h is divided by 14?
11
Suppose -1674*s + 2388 = -1662*s. What is the remainder when s is divided by 20?
19
Suppose -3*h = 3*m - 21, -3*m + 9 = 5*h - 20. Suppose h*t + 20*t = 1488. Calculate the remainder when 117 is divided by t.
55
Let o be -4*39/(-24)*2. Suppose -2 = -o*x + 11*x. Let f(z) = 13*z**2 - z. What is the remainder when 22 is divided by f(x)?
10
Suppose 28*r - 2087 - 2225 = 0. What is the remainder when 1075 is divided by r?
151
Let a(t) = t**2 - 11*t + 16. Let y be a(7). What is the remainder when 144 is divided by ((-5)/(-10))/(y/(-1104))?
6
Let s = 4117 - 4097. What is the remainder when (-2120)/(-50) + (-3)/(-5) is divided by s?
3
Suppose 58 = 26*m - 228. What is the remainder when 911 is divided by m?
9
Let r(k) = 7*k**2 - 5*k**2 - 7*k + 29 - 20. Let g(w) = w**2 - 4. Let i be g(3). Calculate the remainder when 69 is divided by r(i).
21
Suppose 0 = 27*s - 4*s - 943. Calculate the remainder when 93 is divided by s.
11
Let s(k) = k**3 + 175*k**2 + 836*k - 2336. Calculate the remainder when s(-170) is divided by ((-10)/(-8))/(2/16).
4
Let x = -264 + 315. Suppose 3*u = y + 51, -4*y = -10*u + 7*u + x. Calculate the remainder when 185 is divided by u.
15
Let u = -60 + 86. Let p = -1520 + 1778. What is the remainder when p is divided by u?
24
Suppose 0 = 32*o - 59*o + 1512. Calculate the remainder when 192 is divided by o.
24
Suppose -15*g = -12*g - u - 196, 3*g = 5*u + 200. Suppose -24*b - 126 = -31*b. What is the remainder when g is divided by b?
11
Let p = -129 - -131. Suppose -5*i + 53 - 7 = r, p*r = 5*i - 58. Calculate the remainder when i is divided by 8.
2
Let j = 167 - 142. Suppose -822 = -10*b + 4*b. Calculate the remainder when b is divided by j.
12
Suppose -c - 84 = -0*h - h, 3*h - 252 = -5*c. Let w(b) = -5*b**2 + 41*b + 24. Let a be w(13). Let v = 310 + a. Calculate the remainder when h is divided by v.
18
Let z(y) = 3*y**2 - 9*y - 70. What is the remainder when 227 is divided by z(-6)?
43
Let o(r) = -3*r**3 + 7*r**2 - 5*r + 6. Let d be o(-4). Let h = -284 + d. What is the remainder when h is divided by 12?
10
Suppose 2*t - t = -3*r - 105, -r = 5. Calculate the remainder when 42 is divided by (4/3)/((-8)/t)*1.
12
Let n be (-63 + 0)/(3*(-1)/(-63)). Wh